{"id":8494,"date":"2024-05-22T10:57:17","date_gmt":"2024-05-22T08:57:17","guid":{"rendered":"https:\/\/www.standmilano.it\/?post_type=product&#038;p=8494"},"modified":"2026-03-28T11:46:46","modified_gmt":"2026-03-28T10:46:46","slug":"desk-blenheim","status":"publish","type":"product","link":"https:\/\/www.standmilano.it\/it\/prodotto\/desk-blenheim","title":{"rendered":"Desk Blenheim"},"content":{"rendered":"<div class=\"\">Desk Blenheim \u00e8 un banchetto portatile di buona dimensione pur mantenendo la trasportabilit\u00e0 di altri banchetti pi\u00f9 piccoli (pesa 13 Kg) e la semplicit\u00e0 di montaggio, perfetto da usare in trasferta per eventi e fiere.<\/div>\n<div class=\"\">Il piano d&#8217;appoggio \u00e8 curvo, in legno personalizzato nero. La \u00a0personalizzazione in PVC personalizzato con vostra grafica \u00e8 fissata con un sistema a velcro.<\/div>\n<div class=\"\">Viene fornito con una borsa per base e top e un tubo per contenere la grafica.<\/div>\n<div class=\"\">Vi consigliamo di visualizzare il video e la scheda tecnica che chiariscono al meglio la struttura del Desk portatile Blenheim.<br \/>\n<strong><span style=\"color: #ff6600;\">Prezzi di vendita, IVA esclusa<\/span><\/strong><\/div>\n<div class=\"\">\n<div class=\"\">Banchetto euro 211,00<\/div>\n<div class=\"\">Supplemento ripiano euro 32,00<\/div>\n<div class=\"\">Completo di personalizzazione e 2 borse per il trasporto<br \/>\n<span style=\"color: #ff6600;\"><strong>Dimensioni<\/strong><\/span><\/div>\n<div class=\"\">misure in centimetri:<\/div>\n<div class=\"\">93(A)x120(L)x45(P)<br \/>\n<span style=\"color: #ff6600;\"><strong>Specifiche<\/strong><\/span><\/div>\n<div class=\"\">\u2022 Banchetto promozionale per interni<\/div>\n<div class=\"\">\u2022 Top sostenuto da tamburo in plastica (scarica la Scheda)<\/div>\n<div class=\"\">\u2022 Fornito con 2 borse per il trasporto<\/div>\n<div class=\"\">\u2022 Personalizzazione stampata su PVC<\/div>\n<\/div>\n","protected":false},"excerpt":{"rendered":"<p>Banchetto promozionale curvo di buona dimensioni con ripiano inferiore opzionale e 2 borse per il trasporto. Top in legno verniciato nero.<\/p>\n<h5><span style=\"color: #ec6707;\"><strong><a style=\"color: #ec6707;\" href=\"https:\/\/www.standmilano.it\/wp-content\/uploads\/Scheda_banchetto_Blenheim.pdf\" target=\"_blank\" rel=\"noopener\">Scarica la scheda tecnica<\/a><\/strong><\/span><\/h5>\n<p>https:\/\/player.vimeo.com\/video\/470643906<\/p>\n","protected":false},"featured_media":10762,"comment_status":"closed","ping_status":"closed","template":"","meta":[],"product_brand":[],"product_cat":[71],"product_tag":[],"class_list":{"0":"post-8494","1":"product","2":"type-product","3":"status-publish","4":"has-post-thumbnail","6":"product_cat-accessori","8":"first","9":"instock","10":"taxable","11":"shipping-taxable","12":"product-type-external"},"_links":{"self":[{"href":"https:\/\/www.standmilano.it\/it\/wp-json\/wp\/v2\/product\/8494","targetHints":{"allow":["GET"]}}],"collection":[{"href":"https:\/\/www.standmilano.it\/it\/wp-json\/wp\/v2\/product"}],"about":[{"href":"https:\/\/www.standmilano.it\/it\/wp-json\/wp\/v2\/types\/product"}],"replies":[{"embeddable":true,"href":"https:\/\/www.standmilano.it\/it\/wp-json\/wp\/v2\/comments?post=8494"}],"wp:featuredmedia":[{"embeddable":true,"href":"https:\/\/www.standmilano.it\/it\/wp-json\/wp\/v2\/media\/10762"}],"wp:attachment":[{"href":"https:\/\/www.standmilano.it\/it\/wp-json\/wp\/v2\/media?parent=8494"}],"wp:term":[{"taxonomy":"product_brand","embeddable":true,"href":"https:\/\/www.standmilano.it\/it\/wp-json\/wp\/v2\/product_brand?post=8494"},{"taxonomy":"product_cat","embeddable":true,"href":"https:\/\/www.standmilano.it\/it\/wp-json\/wp\/v2\/product_cat?post=8494"},{"taxonomy":"product_tag","embeddable":true,"href":"https:\/\/www.standmilano.it\/it\/wp-json\/wp\/v2\/product_tag?post=8494"}],"curies":[{"name":"wp","href":"https:\/\/api.w.org\/{rel}","templated":true}]}}

<div class="">Desk Blenheim è un banchetto portatile di buona dimensione pur mantenendo la trasportabilità di altri banchetti più piccoli (pesa 13 Kg) e la semplicità di montaggio, perfetto da usare in trasferta per eventi e fiere.</div>
<div class="">Il piano d&#8217;appoggio è curvo, in legno personalizzato nero. La  personalizzazione in PVC personalizzato con vostra grafica è fissata con un sistema a velcro.</div>
<div class="">Viene fornito con una borsa per base e top e un tubo per contenere la grafica.</div>
<div class="">Vi consigliamo di visualizzare il video e la scheda tecnica che chiariscono al meglio la struttura del Desk portatile Blenheim.<br />
<strong><span style="color: #ff6600;">Prezzi di vendita, IVA esclusa</span></strong></div>
<div class="">
<div class="">Banchetto euro 211,00</div>
<div class="">Supplemento ripiano euro 32,00</div>
<div class="">Completo di personalizzazione e 2 borse per il trasporto<br />
<span style="color: #ff6600;"><strong>Dimensioni</strong></span></div>
<div class="">misure in centimetri:</div>
<div class="">93(A)x120(L)x45(P)<br />
<span style="color: #ff6600;"><strong>Specifiche</strong></span></div>
<div class="">• Banchetto promozionale per interni</div>
<div class="">• Top sostenuto da tamburo in plastica (scarica la Scheda)</div>
<div class="">• Fornito con 2 borse per il trasporto</div>
<div class="">• Personalizzazione stampata su PVC</div>
</div>
